{"id":43,"date":"2022-02-18T19:32:06","date_gmt":"2022-02-18T19:32:06","guid":{"rendered":"https:\/\/klimatbgpn.us.edu.pl\/?page_id=43"},"modified":"2022-02-19T19:50:52","modified_gmt":"2022-02-19T19:50:52","slug":"opis-projektu","status":"publish","type":"page","link":"https:\/\/klimatbgpn.us.edu.pl\/index.php\/opis-projektu\/","title":{"rendered":"Opis projektu"},"content":{"rendered":"\n<p>W 2021 roku zainicjowano now\u0105 seri\u0119 pomiarow\u0105 przy pomocy automatycznych stacji meteorologicznych (ASM) w obszarze Babiog\u00f3rskiego Parku Narodowego. Projekt pt. &#8222;Ocena re\u017cimu klimatycznego Babiej G\u00f3ry&#8221; jest wsp\u00f3ln\u0105 inicjatyw\u0105 Instytutu Nauk o Ziemi (INoZ) Uniwersytetu \u015al\u0105skiego (U\u015a) i Babiog\u00f3rskiego Parku Narodowego (BgPN). Trzy ASM zosta\u0142y zainstalowane po p\u00f3\u0142nocnej stronie Babiej G\u00f3ry na r\u00f3\u017cnych wysoko\u015bciach n.p.m. (800, 1000 i 1400 m n.p.m.). G\u0142\u00f3wnym celem projektu jest pomiar i ocena r\u00f3\u017cnych parametr\u00f3w klimatu (temperatury, wilgotno\u015bci, pr\u0119dko\u015bci i kierunku wiatru). Pomiary wykonywane s\u0105 co 10 min. Osoby zaanga\u017cowane w projekt ze strony INoZ U\u015a to: dr hab. \u0141ukasz Pawlik, prof. U\u015a (kierownik), mgr Tomasz Budzik (wykonawca, pracownik techniczny, doktorant), mgr Janusz Godziek (wykonawca, pracownik techniczny, doktorant), dr hab. Ewa \u0141upikasza, prof. U\u015a (wykonawca). Osoby zaanga\u017cowane w projekt ze strony BgPN: mgr Tomasz Lamorski (wykonawca, koordynator).<\/p>\n\n\n\n<figure class=\"wp-block-image size-large is-resized is-style-rounded wp-duotone-000000-ffffff-1\"><img loading=\"lazy\" decoding=\"async\" src=\"https:\/\/klimatbgpn.us.edu.pl\/wp-content\/uploads\/2022\/02\/opis_proj1-1024x575.jpg\" alt=\"\" class=\"wp-image-91\" width=\"830\" height=\"465\" srcset=\"https:\/\/klimatbgpn.us.edu.pl\/wp-content\/uploads\/2022\/02\/opis_proj1-1024x575.jpg 1024w, https:\/\/klimatbgpn.us.edu.pl\/wp-content\/uploads\/2022\/02\/opis_proj1-300x168.jpg 300w, https:\/\/klimatbgpn.us.edu.pl\/wp-content\/uploads\/2022\/02\/opis_proj1-768x431.jpg 768w, https:\/\/klimatbgpn.us.edu.pl\/wp-content\/uploads\/2022\/02\/opis_proj1-1536x863.jpg 1536w, https:\/\/klimatbgpn.us.edu.pl\/wp-content\/uploads\/2022\/02\/opis_proj1-2048x1150.jpg 2048w\" sizes=\"auto, (max-width: 830px) 100vw, 830px\" \/><\/figure>\n","protected":false},"excerpt":{"rendered":"<p>W 2021 roku zainicjowano now\u0105 seri\u0119 pomiarow\u0105 przy pomocy automatycznych stacji meteorologicznych (ASM) w obszarze Babiog\u00f3rskiego Parku Narodowego. Projekt pt.<\/p>\n","protected":false},"author":1,"featured_media":0,"parent":0,"menu_order":0,"comment_status":"closed","ping_status":"closed","template":"","meta":{"footnotes":""},"class_list":["post-43","page","type-page","status-publish","hentry"],"yoast_head":"<!-- This site is optimized with the Yoast SEO plugin v18.1 - https:\/\/yoast.com\/wordpress\/plugins\/seo\/ -->\n<title>Opis projektu - Klimat Babiej G\u00f3ry<\/title>\n<meta name=\"robots\" content=\"index, follow, max-snippet:-1, max-image-preview:large, max-video-preview:-1\" \/>\n<link rel=\"canonical\" href=\"https:\/\/klimatbgpn.us.edu.pl\/index.php\/opis-projektu\/\" \/>\n<meta property=\"og:locale\" content=\"pl_PL\" \/>\n<meta property=\"og:type\" content=\"article\" \/>\n<meta property=\"og:title\" content=\"Opis projektu - Klimat Babiej G\u00f3ry\" \/>\n<meta property=\"og:description\" content=\"W 2021 roku zainicjowano now\u0105 seri\u0119 pomiarow\u0105 przy pomocy automatycznych stacji meteorologicznych (ASM) w obszarze Babiog\u00f3rskiego Parku Narodowego. Projekt pt.\" \/>\n<meta property=\"og:url\" content=\"https:\/\/klimatbgpn.us.edu.pl\/index.php\/opis-projektu\/\" \/>\n<meta property=\"og:site_name\" content=\"Klimat Babiej G\u00f3ry\" \/>\n<meta property=\"article:modified_time\" content=\"2022-02-19T19:50:52+00:00\" \/>\n<meta property=\"og:image\" content=\"https:\/\/klimatbgpn.us.edu.pl\/wp-content\/uploads\/2022\/02\/opis_proj1-1024x575.jpg\" \/>\n<meta name=\"twitter:card\" content=\"summary_large_image\" \/>\n<meta name=\"twitter:label1\" content=\"Szacowany czas czytania\" \/>\n\t<meta name=\"twitter:data1\" content=\"1 minuta\" \/>\n<script type=\"application\/ld+json\" class=\"yoast-schema-graph\">{\"@context\":\"https:\/\/schema.org\",\"@graph\":[{\"@type\":\"WebSite\",\"@id\":\"https:\/\/klimatbgpn.us.edu.pl\/#website\",\"url\":\"https:\/\/klimatbgpn.us.edu.pl\/\",\"name\":\"Klimat Babiej G\u00f3ry\",\"description\":\"Instytut Nauk o Ziemi Uniwersytetu \u015al\u0105skiego i Babiog\u00f3rski Park Narodowy\",\"potentialAction\":[{\"@type\":\"SearchAction\",\"target\":{\"@type\":\"EntryPoint\",\"urlTemplate\":\"https:\/\/klimatbgpn.us.edu.pl\/?s={search_term_string}\"},\"query-input\":\"required name=search_term_string\"}],\"inLanguage\":\"pl-PL\"},{\"@type\":\"ImageObject\",\"@id\":\"https:\/\/klimatbgpn.us.edu.pl\/index.php\/opis-projektu\/#primaryimage\",\"inLanguage\":\"pl-PL\",\"url\":\"https:\/\/klimatbgpn.us.edu.pl\/wp-content\/uploads\/2022\/02\/opis_proj1-scaled.jpg\",\"contentUrl\":\"https:\/\/klimatbgpn.us.edu.pl\/wp-content\/uploads\/2022\/02\/opis_proj1-scaled.jpg\",\"width\":2560,\"height\":1438},{\"@type\":\"WebPage\",\"@id\":\"https:\/\/klimatbgpn.us.edu.pl\/index.php\/opis-projektu\/#webpage\",\"url\":\"https:\/\/klimatbgpn.us.edu.pl\/index.php\/opis-projektu\/\",\"name\":\"Opis projektu - Klimat Babiej G\u00f3ry\",\"isPartOf\":{\"@id\":\"https:\/\/klimatbgpn.us.edu.pl\/#website\"},\"primaryImageOfPage\":{\"@id\":\"https:\/\/klimatbgpn.us.edu.pl\/index.php\/opis-projektu\/#primaryimage\"},\"datePublished\":\"2022-02-18T19:32:06+00:00\",\"dateModified\":\"2022-02-19T19:50:52+00:00\",\"breadcrumb\":{\"@id\":\"https:\/\/klimatbgpn.us.edu.pl\/index.php\/opis-projektu\/#breadcrumb\"},\"inLanguage\":\"pl-PL\",\"potentialAction\":[{\"@type\":\"ReadAction\",\"target\":[\"https:\/\/klimatbgpn.us.edu.pl\/index.php\/opis-projektu\/\"]}]},{\"@type\":\"BreadcrumbList\",\"@id\":\"https:\/\/klimatbgpn.us.edu.pl\/index.php\/opis-projektu\/#breadcrumb\",\"itemListElement\":[{\"@type\":\"ListItem\",\"position\":1,\"name\":\"Strona g\u0142\u00f3wna\",\"item\":\"https:\/\/klimatbgpn.us.edu.pl\/\"},{\"@type\":\"ListItem\",\"position\":2,\"name\":\"Opis projektu\"}]}]}<\/script>\n<!-- \/ Yoast SEO plugin. -->","yoast_head_json":{"title":"Opis projektu - Klimat Babiej G\u00f3ry","robots":{"index":"index","follow":"follow","max-snippet":"max-snippet:-1","max-image-preview":"max-image-preview:large","max-video-preview":"max-video-preview:-1"},"canonical":"https:\/\/klimatbgpn.us.edu.pl\/index.php\/opis-projektu\/","og_locale":"pl_PL","og_type":"article","og_title":"Opis projektu - Klimat Babiej G\u00f3ry","og_description":"W 2021 roku zainicjowano now\u0105 seri\u0119 pomiarow\u0105 przy pomocy automatycznych stacji meteorologicznych (ASM) w obszarze Babiog\u00f3rskiego Parku Narodowego. Projekt pt.","og_url":"https:\/\/klimatbgpn.us.edu.pl\/index.php\/opis-projektu\/","og_site_name":"Klimat Babiej G\u00f3ry","article_modified_time":"2022-02-19T19:50:52+00:00","og_image":[{"url":"https:\/\/klimatbgpn.us.edu.pl\/wp-content\/uploads\/2022\/02\/opis_proj1-1024x575.jpg"}],"twitter_card":"summary_large_image","twitter_misc":{"Szacowany czas czytania":"1 minuta"},"schema":{"@context":"https:\/\/schema.org","@graph":[{"@type":"WebSite","@id":"https:\/\/klimatbgpn.us.edu.pl\/#website","url":"https:\/\/klimatbgpn.us.edu.pl\/","name":"Klimat Babiej G\u00f3ry","description":"Instytut Nauk o Ziemi Uniwersytetu \u015al\u0105skiego i Babiog\u00f3rski Park Narodowy","potentialAction":[{"@type":"SearchAction","target":{"@type":"EntryPoint","urlTemplate":"https:\/\/klimatbgpn.us.edu.pl\/?s={search_term_string}"},"query-input":"required name=search_term_string"}],"inLanguage":"pl-PL"},{"@type":"ImageObject","@id":"https:\/\/klimatbgpn.us.edu.pl\/index.php\/opis-projektu\/#primaryimage","inLanguage":"pl-PL","url":"https:\/\/klimatbgpn.us.edu.pl\/wp-content\/uploads\/2022\/02\/opis_proj1-scaled.jpg","contentUrl":"https:\/\/klimatbgpn.us.edu.pl\/wp-content\/uploads\/2022\/02\/opis_proj1-scaled.jpg","width":2560,"height":1438},{"@type":"WebPage","@id":"https:\/\/klimatbgpn.us.edu.pl\/index.php\/opis-projektu\/#webpage","url":"https:\/\/klimatbgpn.us.edu.pl\/index.php\/opis-projektu\/","name":"Opis projektu - Klimat Babiej G\u00f3ry","isPartOf":{"@id":"https:\/\/klimatbgpn.us.edu.pl\/#website"},"primaryImageOfPage":{"@id":"https:\/\/klimatbgpn.us.edu.pl\/index.php\/opis-projektu\/#primaryimage"},"datePublished":"2022-02-18T19:32:06+00:00","dateModified":"2022-02-19T19:50:52+00:00","breadcrumb":{"@id":"https:\/\/klimatbgpn.us.edu.pl\/index.php\/opis-projektu\/#breadcrumb"},"inLanguage":"pl-PL","potentialAction":[{"@type":"ReadAction","target":["https:\/\/klimatbgpn.us.edu.pl\/index.php\/opis-projektu\/"]}]},{"@type":"BreadcrumbList","@id":"https:\/\/klimatbgpn.us.edu.pl\/index.php\/opis-projektu\/#breadcrumb","itemListElement":[{"@type":"ListItem","position":1,"name":"Strona g\u0142\u00f3wna","item":"https:\/\/klimatbgpn.us.edu.pl\/"},{"@type":"ListItem","position":2,"name":"Opis projektu"}]}]}},"_links":{"self":[{"href":"https:\/\/klimatbgpn.us.edu.pl\/index.php\/wp-json\/wp\/v2\/pages\/43","targetHints":{"allow":["GET"]}}],"collection":[{"href":"https:\/\/klimatbgpn.us.edu.pl\/index.php\/wp-json\/wp\/v2\/pages"}],"about":[{"href":"https:\/\/klimatbgpn.us.edu.pl\/index.php\/wp-json\/wp\/v2\/types\/page"}],"author":[{"embeddable":true,"href":"https:\/\/klimatbgpn.us.edu.pl\/index.php\/wp-json\/wp\/v2\/users\/1"}],"replies":[{"embeddable":true,"href":"https:\/\/klimatbgpn.us.edu.pl\/index.php\/wp-json\/wp\/v2\/comments?post=43"}],"version-history":[{"count":5,"href":"https:\/\/klimatbgpn.us.edu.pl\/index.php\/wp-json\/wp\/v2\/pages\/43\/revisions"}],"predecessor-version":[{"id":93,"href":"https:\/\/klimatbgpn.us.edu.pl\/index.php\/wp-json\/wp\/v2\/pages\/43\/revisions\/93"}],"wp:attachment":[{"href":"https:\/\/klimatbgpn.us.edu.pl\/index.php\/wp-json\/wp\/v2\/media?parent=43"}],"curies":[{"name":"wp","href":"https:\/\/api.w.org\/{rel}","templated":true}]}}